
8
Let y(v) = -439*v + 46. Let t be y(-28). Suppose 0*z = 31*z - t. What is the hundreds digit of z?
3
Let v(u) = 138*u**2 - 8*u - 10. Let p(y) = 70*y**2 - 4*y - 5. Let w(s) = -11*p(s) + 6*v(s). What is the tens digit of w(-1)?
5
Let u be 4 + 8/(-6) + 6/(-9). Let x(n) = 67*n**2 - 12*n + 14. What is the tens digit of x(u)?
5
Let x(w) = 11*w - 22. Let c be x(28). Suppose 5*u + m + 87 = c, -5*u + 3*m + 203 = 0. What is the units digit of u?
0
Let c(z) = -2*z**2 + 16*z - 14. Let j be c(7). Let v be (118/(-4))/((-5)/50). Suppose -k + 183 = 4*b - b, -5*b - 5*k + v = j. What is the tens digit of b?
6
What is the thousands digit of (-72)/8 + 27051 - 19?
7
What is the tens digit of ((6/5)/((-2)/10))/((-348)/4288520)?
4
Suppose 28*d = 20*d + 48. Let g be (d/(-4))/((-2)/4). Suppose -4*f + 1184 - 382 = g*u, 0 = -f - 5. What is the hundreds digit of u?
2
Let o be 8/(160/2445) - 1/4. Suppose -10*r = 12 - o. Suppose -16*u = -r*u - 40. What is the units digit of u?
8
Let d(r) = r - 2. Suppose -f - 20 = -5*c, -4*f - 8 = -5*f - 2*c. Let n be d(f). What is the units digit of (4 - -40) + (0/1)/n?
4
Suppose 18*l - 25363 = 12869. Let y = l + -1467. What is the hundreds digit of y?
6
Let z(d) = 4*d**3 - 17*d**2 + 22*d + 169. What is the units digit of z(11)?
8
Let l = 92234 + -61121. What is the ten thousands digit of l?
3
Let p be -3*3*8/(-24). Suppose p*c - 49 = 8. What is the tens digit of (c - -10)/(1/2)?
5
Let h(x) = -x + 16. Let j be h(13). Let q be (8/(-12))/(j/(-9)). Suppose 2*z - 2*v - 104 = 0, -q*z - v + 68 = -30. What is the tens digit of z?
5
What is the thousands digit of (-30)/(-5)*(-7 + 153870/36)?
5
Let b(r) = r**3 + 7*r**2 - 8*r + 15. Let u be b(-8). Suppose -u*g + 4569 = -8256. What is the units digit of g?
5
Let f(c) = -2*c**2 - 12*c - 10. Let x be f(-3). What is the tens digit of (318/x)/((-189)/(-1764))?
7
Let y = -8 - -13. Suppose -f - 1242 = -5*o - 0*f, y*o + 3*f - 1254 = 0. Let t = o + -127. What is the tens digit of t?
2
Suppose -6*d = -d + 700. Let c = -60 - d. What is the units digit of c?
0
Let u(d) = -464*d**3 + 2*d**2. Let t be u(1). Let l = t + 1453. What is the units digit of l?
1
Let m(c) = -69*c - 1. Suppose -173*a + 168*a - 25 = 0. What is the tens digit of m(a)?
4
Let u = -3171 - -4665. Suppose -2*k - 2502 = -5*t, -5*t + 2*t + 3*k + u = 0. What is the hundreds digit of t?
5
Suppose 0 = -157*t + 154*t + 9534. Suppose 3*q - t = 4*w - 9*w, 5*w - 2*q - 3198 = 0. What is the hundreds digit of w?
6
Let g(s) be the second derivative of s**5/20 - 11*s**4/24 + 17*s**3/6 + s**2 + 10*s. Let f(q) be the first derivative of g(q). What is the units digit of f(7)?
7
Suppose 568906 = 41*j + 195068. What is the hundreds digit of j?
1
Suppose -3145 = -3*j - 2*j. Let s = 884 + -880. Suppose -4*t + 2*a + 835 = 201, -a - j = -s*t. What is the hundreds digit of t?
1
Let y be 1*(4 - (-60 - -3)). Let t = -190 - y. Let p = -177 - t. What is the tens digit of p?
7
Let d(x) be the third derivative of -71*x**7/5040 - x**6/72 - 7*x**5/20 - 16*x**2. Let a(y) be the third derivative of d(y). What is the units digit of a(-3)?
3
Suppose 3*z - 5*v + 21 = 74, 5*z + 3*v - 43 = 0. Suppose -27*s + 28*s - 3 = 0. Suppose -2*g - q = -z, 5*q - s = 6*g - 3*g. What is the units digit of g?
4
Suppose -7388 = -3*p - p + 3*w, 2*w = 3*p - 5542. What is the units digit of p?
0
Let y(b) = -11 + 0*b + 3*b + 7*b. Suppose 0 = 12*r - 19 - 29. What is the units digit of y(r)?
9
Suppose 25*h + 601040 = 144*h + 57*h. What is the hundreds digit of h?
4
Let d be (0 - 1)/((-1)/(-3)). Suppose 0 = -4*y - 4*r + 24, 45 - 75 = -5*y + 3*r. What is the units digit of y/3 + (d - -3 - -1)?
3
Let z be ((-21767)/4)/(9/(-36)). Suppose -58134 = -41*x - z. What is the tens digit of x?
8
Suppose 49 = 7*d - 49. Suppose -15*x + 5208 = -7*x. Suppose d*u + x = 17*u. What is the hundreds digit of u?
2
Suppose 0 = -7*d + 6*d + 52. Suppose 0 = -55*o + d*o + 63. What is the tens digit of o?
2
What is the tens digit of ((-18)/(-6))/((-4)/(-3472)*(-12)/(-158))?
8
Suppose 0 = -3*k + 3*p + 3, 20*k + 2*p = 18*k + 22. Suppose 2*u = -5*a + 2521, a + 2523 = k*a + u. What is the tens digit of a?
0
Let z be 0/1*(-11)/(-11). Suppose z = 6*b - 406 - 326. What is the tens digit of b?
2
Suppose 3*h = 9, 0 = -q - h - h + 1006. Let b = q + -75. What is the hundreds digit of b?
9
Let z(h) = 57*h**3 + h**2 - h - 1. Let k be z(-1). Let o = -27 - k. Let t = 52 - o. What is the units digit of t?
3
Let o(b) = -41*b - 114. Let s be o(-3). Suppose -5*n - 1120 = -s*n. What is the units digit of n?
0
Suppose 0 = -3*h + 2*a + 27107, -2*a + 0*a + 10 = 0. What is the tens digit of h?
3
Let c be (16/(-3) - -4)*75/(-2). Let s = 56 + c. Suppose 4*o = -5*b + 358, -4*b + 5*o + 164 = -s. What is the tens digit of b?
7
Let a(z) = -405*z - 1067. What is the tens digit of a(-4)?
5
Let u = -12987 + 22276. What is the units digit of u?
9
Let r be ((-38)/12)/19 - (-12729)/18. Let q = 1026 - r. What is the tens digit of q?
1
Suppose -2*c + 605 = v, 5*v + 2*c - 4209 = -1152. Let o = v + 293. What is the units digit of o?
6
Suppose -50*m + 371979 = -124310 + 116689. What is the hundreds digit of m?
5
What is the hundreds digit of 5450340/(-342)*(1 + 2)/((-2)/2)?
8
Let r(x) = x**2 - 15*x + 26. Let w be r(13). Suppose 6*l - 2629 - 503 = w. What is the hundreds digit of l?
5
Let r = 59195 - 31065. What is the tens digit of r?
3
Let x = 53 - 52. Suppose x - 55 = -9*b. Suppose b*u + 303 = 9*u. What is the tens digit of u?
0
Suppose -11894 = -o - 2*m, -5*o + 92*m = 89*m - 59548. What is the hundreds digit of o?
9
Let n = 16 - 10. Suppose -8*z + 59 = -13. Suppose -z*x + 276 = -n*x. What is the units digit of x?
2
Suppose -18*g - 468 = -6*g. What is the units digit of g/(5 - 65/10)?
6
Let q(g) = -45*g - 1077. What is the hundreds digit of q(-31)?
3
Suppose -80 = 10*v - 6*v. Let r be (45/36)/((-1)/v). Suppose -3*u + 272 + r = 0. What is the units digit of u?
9
Suppose -3 = 5*f + 2*z - 19, 0 = -f - z + 2. Suppose f*w = -q + 733, 12*w - 20 = 8*w. What is the units digit of q?
3
Let r = 107 - 47. Suppose -12*h + 6*h = -r. What is the tens digit of 6/h + 394/10?
4
Suppose 3*o = -5*i - 2416, -i - 7*o + 3*o - 473 = 0. What is the hundreds digit of (i/25)/(6/(-150))?
4
Let u(m) be the third derivative of 0 - 1/60*m**6 + 1/24*m**4 + 0*m**5 + 1/3*m**3 + 2*m**2 + 11*m. What is the tens digit of u(-4)?
2
Let b = 87652 + -47080. What is the hundreds digit of b?
5
Suppose 90 = -13*z + 18*z. Let s = z + 22. Let q = s - -20. What is the units digit of q?
0
Let l(c) = 153 + 468*c + 59 - 51 + 22*c. What is the thousands digit of l(3)?
1
Let p(t) = -6008*t - 2600. What is the hundreds digit of p(-8)?
4
Let j(t) = -205*t + 6. Let i be j(-3). Suppose 7*v + i = 1888. What is the hundreds digit of v?
1
Let p be (2 + -8)/((76/(-5352))/(-19)). What is the hundreds digit of (-14)/119 + p/(-34)?
2
Let p(a) = -2*a + 4. Let m be p(-6). Suppose -m*l = -11*l - 255. Suppose 2*i + l = 221. What is the units digit of i?
5
Suppose 0 = -101*i + 37*i + 148608. What is the tens digit of i?
2
What is the units digit of ((-2)/8 - (-1)/4) + (-4956055)/(-4013)?
5
Suppose -105*z = -99*z + 4596. Let g = z - -1395. What is the tens digit of g?
2
Let x be (-7 + (-119)/(-21))*(-108924)/8. Suppose -x = -23*q + 7859. What is the thousands digit of q?
1
Let t(x) = -286*x - 1710. Let v be t(-6). Let s(u) = 6*u - 5. Let a(p) = -6*p + 6. Let f(h) = 6*a(h) + 7*s(h). What is the units digit of f(v)?
7
Let g(a) = -4*a**3 + 28 - 7*a + 0*a**2 - a + 5*a**3 - 7*a**2. What is the tens digit of g(11)?
2
Let f(t) = -19*t**2 + t**3 + 8*t - 18*t**2 + 41*t**2 + 5. Let n be f(-5). What is the units digit of n/(-45)*(16 - 1)?
0
Let s = 34848 + -19085. What is the ten thousands digit of s?
1
Let z = 66 + 15. Let o be (z/(-18))/(9/(-6)). Suppose 5*y = 3*g + 676, -o*y + 406 = -0*g - 2*g. What is the tens digit of y?
3
Let m(k) = 199*k + 1. Let p be m(-2). Let j = 772 + p. Suppose 4*u - 9*u = -j. What is the units digit of u?
5
Suppose -253*s + 255*s - 8152 = -4*q, -4*s - q + 16339 = 0. What is the thousands digit of s?
4
What is the units digit of 519 - ((-126)/14 + 3)?
5
Let i = -6 - -21. Let r be ((-1)/3)/(i/45). What is the tens digit of (-330)/(-6) + -2 + r?
5
Suppose -22*s = -19*s - 53871. Suppose -s + 1892 = -21*i. What i